{"id":412,"date":"2021-07-13T14:40:03","date_gmt":"2021-07-13T17:40:03","guid":{"rendered":"https:\/\/armazem-pr.com.br\/?page_id=412"},"modified":"2021-07-13T14:46:21","modified_gmt":"2021-07-13T17:46:21","slug":"arame-farpado-para-cerca","status":"publish","type":"page","link":"https:\/\/armazem-pr.com.br\/index.php\/arame-farpado-para-cerca\/","title":{"rendered":"Arame Farpado Para Cerca"},"content":{"rendered":"\n<p><\/p>\n\n\n\n<div class=\"wp-block-media-text alignwide is-stacked-on-mobile\" style=\"grid-template-columns:15% auto\"><figure class=\"wp-block-media-text__media\"><img loading=\"lazy\" decoding=\"async\" width=\"600\" height=\"600\" src=\"https:\/\/armazem-pr.com.br\/wp-content\/uploads\/2021\/07\/arame-farpado-para-cerca.jpg\" alt=\"\" class=\"wp-image-413 size-full\" srcset=\"https:\/\/armazem-pr.com.br\/wp-content\/uploads\/2021\/07\/arame-farpado-para-cerca.jpg 600w, https:\/\/armazem-pr.com.br\/wp-content\/uploads\/2021\/07\/arame-farpado-para-cerca-300x300.jpg 300w, https:\/\/armazem-pr.com.br\/wp-content\/uploads\/2021\/07\/arame-farpado-para-cerca-150x150.jpg 150w, https:\/\/armazem-pr.com.br\/wp-content\/uploads\/2021\/07\/arame-farpado-para-cerca-230x230.jpg 230w, https:\/\/armazem-pr.com.br\/wp-content\/uploads\/2021\/07\/arame-farpado-para-cerca-365x365.jpg 365w\" sizes=\"(max-width: 600px) 100vw, 600px\" \/><\/figure><div class=\"wp-block-media-text__content\">\n<pre class=\"wp-block-preformatted\">Como todo farpado de tor\u00e7\u00e3o alternada, possui farpas muito cortantes, firmes (n\u00e3o saem do lugar), fixadas externamente e posicionadas a uma dist\u00e2ncia de 5? (125 mm) uma da outra.<br>Este farpado \u00e9 comercializado em 3 op\u00e7\u00f5es de rolos (500, 250 e 100 m) e para facilitar o manuseio.<\/pre>\n<\/div><\/div>\n","protected":false},"excerpt":{"rendered":"<p>Como todo farpado de tor\u00e7\u00e3o alternada, possui farpas muito cortantes, firmes (n\u00e3o saem do lugar), fixadas externamente e posicionadas a uma dist\u00e2ncia de 5? (125 mm) uma da outra.Este farpado \u00e9 comercializado em 3 op\u00e7\u00f5es de rolos (500, 250 e<\/p>\n","protected":false},"author":1,"featured_media":413,"parent":0,"menu_order":0,"comment_status":"closed","ping_status":"closed","template":"","meta":{"footnotes":""},"_links":{"self":[{"href":"https:\/\/armazem-pr.com.br\/index.php\/wp-json\/wp\/v2\/pages\/412"}],"collection":[{"href":"https:\/\/armazem-pr.com.br\/index.php\/wp-json\/wp\/v2\/pages"}],"about":[{"href":"https:\/\/armazem-pr.com.br\/index.php\/wp-json\/wp\/v2\/types\/page"}],"author":[{"embeddable":true,"href":"https:\/\/armazem-pr.com.br\/index.php\/wp-json\/wp\/v2\/users\/1"}],"replies":[{"embeddable":true,"href":"https:\/\/armazem-pr.com.br\/index.php\/wp-json\/wp\/v2\/comments?post=412"}],"version-history":[{"count":2,"href":"https:\/\/armazem-pr.com.br\/index.php\/wp-json\/wp\/v2\/pages\/412\/revisions"}],"predecessor-version":[{"id":416,"href":"https:\/\/armazem-pr.com.br\/index.php\/wp-json\/wp\/v2\/pages\/412\/revisions\/416"}],"wp:featuredmedia":[{"embeddable":true,"href":"https:\/\/armazem-pr.com.br\/index.php\/wp-json\/wp\/v2\/media\/413"}],"wp:attachment":[{"href":"https:\/\/armazem-pr.com.br\/index.php\/wp-json\/wp\/v2\/media?parent=412"}],"curies":[{"name":"wp","href":"https:\/\/api.w.org\/{rel}","templated":true}]}}

<p></p>



<div class="wp-block-media-text alignwide is-stacked-on-mobile" style="grid-template-columns:15% auto"><figure class="wp-block-media-text__media"><img loading="lazy" decoding="async" width="600" height="600" src="https://armazem-pr.com.br/wp-content/uploads/2021/07/arame-farpado-para-cerca.jpg" alt="" class="wp-image-413 size-full" srcset="https://armazem-pr.com.br/wp-content/uploads/2021/07/arame-farpado-para-cerca.jpg 600w, https://armazem-pr.com.br/wp-content/uploads/2021/07/arame-farpado-para-cerca-300x300.jpg 300w, https://armazem-pr.com.br/wp-content/uploads/2021/07/arame-farpado-para-cerca-150x150.jpg 150w, https://armazem-pr.com.br/wp-content/uploads/2021/07/arame-farpado-para-cerca-230x230.jpg 230w, https://armazem-pr.com.br/wp-content/uploads/2021/07/arame-farpado-para-cerca-365x365.jpg 365w" sizes="(max-width: 600px) 100vw, 600px" /></figure><div class="wp-block-media-text__content">
<pre class="wp-block-preformatted">Como todo farpado de torção alternada, possui farpas muito cortantes, firmes (não saem do lugar), fixadas externamente e posicionadas a uma distância de 5? (125 mm) uma da outra.<br>Este farpado é comercializado em 3 opções de rolos (500, 250 e 100 m) e para facilitar o manuseio.</pre>
</div></div>

<p>Como todo farpado de torção alternada, possui farpas muito cortantes, firmes (não saem do lugar), fixadas externamente e posicionadas a uma distância de 5? (125 mm) uma da outra.Este farpado é comercializado em 3 opções de rolos (500, 250 e</p>
