{"id":21,"date":"2014-04-26T17:10:16","date_gmt":"2014-04-26T17:10:16","guid":{"rendered":"http:\/\/demo.themegrill.com\/accelerate\/?page_id=21"},"modified":"2021-04-16T11:33:57","modified_gmt":"2021-04-16T14:33:57","slug":"linhas-de-credito","status":"publish","type":"page","link":"https:\/\/armazem-pr.com.br\/index.php\/linhas-de-credito\/","title":{"rendered":"Linhas de Cr\u00e9dito"},"content":{"rendered":"<p>&#8211;\u00a0 CONSTRUCARD<br \/>O CONSTRUCARD \u00e9 o financiamento que a CAIXA oferece para voc\u00ea adquirir materiais de constru\u00e7\u00e3o para reformar ou ampliar a sua casa. Com ele, voc\u00ea tem at\u00e9 6 meses para fazer as compras e, neste per\u00edodo, paga somente os juros dos valores utilizados.<br \/>Mais informa\u00e7\u00f5es entre em: http:\/\/www.construcard.com.br<\/p>\n<p>&#8211; CREDIF\u00c1CIL BANESTES<br \/>O CREDIF\u00c1CIL tem como finalidade financiar constru\u00e7\u00f5es e reformas residenciais. Para voc\u00ea financiar materiais b\u00e1sicos como cimento, ferragens, madeiras, etc e material de acabamento como pisos, revestimento, tintas, etc.<br \/>Mais informa\u00e7\u00f5es entre em: www.banestes.com.br<\/p>\n<p>&#8211; DACASA FINANCEIRA<br \/>Na Dacasa Financeira voc\u00ea tem excelentes prazos, as menores taxas do mercado e presta\u00e7\u00f5es facilitadas. Seu cr\u00e9dito \u00e9 aprovado na hora, sem complica\u00e7\u00e3o e ainda sai com dinheiro na m\u00e3o e na hora.<br \/>Mais informa\u00e7\u00f5es em: http:\/\/www.dacasa.com.br<\/p>\n<p>&#8211; PRODUCARD CAIXA<br \/>Com ele, voc\u00ea tem at\u00e9 R$ 50.000,00 para atender as suas necessidades de investimento e de aquisi\u00e7\u00e3o de material para produ\u00e7\u00e3o, disp\u00f5e de diversos estabelecimentos credenciados para utilizar o cr\u00e9dito e tem um longo prazo para pag\u00e1-lo.<br \/>Mais informa\u00e7\u00f5es em: http:\/\/www.caixa.com.br<\/p>\n<p>&#8211; COMPREMAIS SICOOB<br \/>Se voc\u00ea tem um sonho que ainda n\u00e3o realizou por falta de recursos, pode contar com a ajuda do Sicoob. Na Rede de Financiamentos Compremais, voc\u00ea pode adquirir m\u00f3veis, computadores, carros, motos, material de constru\u00e7\u00e3o e telefones celulares, al\u00e9m de garantir tratamentos de sa\u00fade, cursos de qualifica\u00e7\u00e3o e at\u00e9 mesmo aquela viagem que voc\u00ea sempre sonhou em fazer.<br \/>Mais informa\u00e7\u00f5es em: http:\/\/www.sicoobes.net<\/p>\n<p>&#8211; BNDES<br \/>As linhas de apoio financeiro e os programas do BNDES atendem \u00e0s necessidades e anseios de investimentos das empresas de qualquer porte e setor, desde que estabelecidas no pa\u00eds e a parceria com institui\u00e7\u00f5es financeiras, com ag\u00eancias estabelecidas em todo o pa\u00eds, permite a dissemina\u00e7\u00e3o do cr\u00e9dito, possibilitando um maior acesso aos recursos do BNDES.<br \/>Mais informa\u00e7\u00f5es em: http:\/\/http:\/\/www.bndes.gov.br<\/p>\n\n\n<p><\/p>\n","protected":false},"excerpt":{"rendered":"<p>Cake halvah pudding dessert toffee gummi bears oat jelly-o lollipop pie. Icing topping dessert toffee gummi bears oat cake donut carrot cake.<\/p>\n","protected":false},"author":1,"featured_media":0,"parent":0,"menu_order":0,"comment_status":"closed","ping_status":"closed","template":"","meta":{"footnotes":""},"_links":{"self":[{"href":"https:\/\/armazem-pr.com.br\/index.php\/wp-json\/wp\/v2\/pages\/21"}],"collection":[{"href":"https:\/\/armazem-pr.com.br\/index.php\/wp-json\/wp\/v2\/pages"}],"about":[{"href":"https:\/\/armazem-pr.com.br\/index.php\/wp-json\/wp\/v2\/types\/page"}],"author":[{"embeddable":true,"href":"https:\/\/armazem-pr.com.br\/index.php\/wp-json\/wp\/v2\/users\/1"}],"replies":[{"embeddable":true,"href":"https:\/\/armazem-pr.com.br\/index.php\/wp-json\/wp\/v2\/comments?post=21"}],"version-history":[{"count":3,"href":"https:\/\/armazem-pr.com.br\/index.php\/wp-json\/wp\/v2\/pages\/21\/revisions"}],"predecessor-version":[{"id":368,"href":"https:\/\/armazem-pr.com.br\/index.php\/wp-json\/wp\/v2\/pages\/21\/revisions\/368"}],"wp:attachment":[{"href":"https:\/\/armazem-pr.com.br\/index.php\/wp-json\/wp\/v2\/media?parent=21"}],"curies":[{"name":"wp","href":"https:\/\/api.w.org\/{rel}","templated":true}]}}