{"id":140,"date":"2014-05-31T18:11:55","date_gmt":"2014-05-31T18:11:55","guid":{"rendered":"http:\/\/demo.themegrill.com\/accelerate\/?page_id=140"},"modified":"2021-04-16T11:52:28","modified_gmt":"2021-04-16T14:52:28","slug":"bloco-ceramico-9x19x19cm-avermelhado","status":"publish","type":"page","link":"https:\/\/armazem-pr.com.br\/index.php\/bloco-ceramico-9x19x19cm-avermelhado\/","title":{"rendered":"Bloco Cer\u00e2mico 9x19x19cm Avermelhado"},"content":{"rendered":"<div class=\"body\">\n<p class=\"paragraph ng-attr-widget\">Descri\u00e7\u00e3o<br \/>\nO Bloco Cer\u00e2mico 9x19x19cm Avermelhado \u00e9 um produto vers\u00e1til que pode ser usado para constru\u00e7\u00e3o de casas, por ser mais econ\u00f4mico, ter conforto t\u00e9rmico e ac\u00fastico e trazer baixo custo para a obra. Tamb\u00e9m \u00e9 muito usado para fazer decora\u00e7\u00e3o, na constru\u00e7\u00e3o de paredes r\u00fasticas.<\/p>\n<\/div>\n","protected":false},"excerpt":{"rendered":"<p>O Bloco Cer\u00e2mico 9x19x19cm Avermelhado \u00e9 um produto vers\u00e1til que pode ser  usado para constru\u00e7\u00e3o de casas, por ser mais econ\u00f4mico, ter conforto t\u00e9rmico e ac\u00fastico e trazer baixo custo para a obra. Tamb\u00e9m \u00e9 muito usado para fazer decora\u00e7\u00e3o, na constru\u00e7\u00e3o de paredes r\u00fasticas.<\/p>\n","protected":false},"author":1,"featured_media":322,"parent":0,"menu_order":0,"comment_status":"closed","ping_status":"closed","template":"","meta":{"footnotes":""},"_links":{"self":[{"href":"https:\/\/armazem-pr.com.br\/index.php\/wp-json\/wp\/v2\/pages\/140"}],"collection":[{"href":"https:\/\/armazem-pr.com.br\/index.php\/wp-json\/wp\/v2\/pages"}],"about":[{"href":"https:\/\/armazem-pr.com.br\/index.php\/wp-json\/wp\/v2\/types\/page"}],"author":[{"embeddable":true,"href":"https:\/\/armazem-pr.com.br\/index.php\/wp-json\/wp\/v2\/users\/1"}],"replies":[{"embeddable":true,"href":"https:\/\/armazem-pr.com.br\/index.php\/wp-json\/wp\/v2\/comments?post=140"}],"version-history":[{"count":1,"href":"https:\/\/armazem-pr.com.br\/index.php\/wp-json\/wp\/v2\/pages\/140\/revisions"}],"predecessor-version":[{"id":323,"href":"https:\/\/armazem-pr.com.br\/index.php\/wp-json\/wp\/v2\/pages\/140\/revisions\/323"}],"wp:featuredmedia":[{"embeddable":true,"href":"https:\/\/armazem-pr.com.br\/index.php\/wp-json\/wp\/v2\/media\/322"}],"wp:attachment":[{"href":"https:\/\/armazem-pr.com.br\/index.php\/wp-json\/wp\/v2\/media?parent=140"}],"curies":[{"name":"wp","href":"https:\/\/api.w.org\/{rel}","templated":true}]}}

Bloco Cerâmico 9x19x19cm Avermelhado

<div class="body">
<p class="paragraph ng-attr-widget">Descrição<br />
O Bloco Cerâmico 9x19x19cm Avermelhado é um produto versátil que pode ser usado para construção de casas, por ser mais econômico, ter conforto térmico e acústico e trazer baixo custo para a obra. Também é muito usado para fazer decoração, na construção de paredes rústicas.</p>
</div>

<p>O Bloco Cerâmico 9x19x19cm Avermelhado é um produto versátil que pode ser  usado para construção de casas, por ser mais econômico, ter conforto térmico e acústico e trazer baixo custo para a obra. Também é muito usado para fazer decoração, na construção de paredes rústicas.</p>
